ivide 110339?
False
Is 110 a factor of 440?
True
Does 146 divide 4826?
False
Is 31 a factor of 20944?
False
Is 166 a multiple of 9?
False
Is 39 a factor of 4777?
False
Is 9 a factor of 450?
True
Is 4 a factor of 544?
True
Does 4 divide 93?
False
Is 19 a factor of 405?
False
Is 1752 a multiple of 5?
False
Does 12 divide 27?
False
Is 6180 a multiple of 6?
True
Is 4 a factor of 11152?
True
Is 5 a factor of 266?
False
Is 19 a factor of 1495?
False
Is 25214 a multiple of 7?
True
Does 4 divide 3268?
True
Is 25 a factor of 575?
True
Is 15164 a multiple of 68?
True
Does 27 divide 441?
False
Is 3 a factor of 16883?
False
Is 4011 a multiple of 18?
False
Is 19 a factor of 398?
False
Does 29 divide 377?
True
Is 9 a factor of 1719?
True
Is 6007 a multiple of 6?
False
Does 44 divide 7305?
False
Is 6 a factor of 18762?
True
Is 3896 a multiple of 13?
False
Does 33 divide 5511?
True
Is 60 a factor of 32460?
True
Does 113 divide 48623?
False
Is 784 a multiple of 75?
False
Is 8127 a multiple of 21?
True
Does 3 divide 182?
False
Does 19 divide 462?
False
Is 8 a factor of 2320?
True
Is 314 a multiple of 2?
True
Is 39 a factor of 3903?
False
Is 5957 a multiple of 37?
True
Does 42 divide 2610?
False
Is 89 a factor of 18245?
True
Does 208 divide 3148?
False
Is 38 a factor of 8160?
False
Is 619 a multiple of 2?
False
Is 96 a factor of 384?
True
Does 21 divide 2436?
True
Is 161 a factor of 1771?
True
Is 3927 a multiple of 44?
False
Does 7 divide 2388?
False
Is 15665 a multiple of 110?
False
Is 5700 a multiple of 20?
True
Is 6619 a multiple of 7?
False
Is 61 a factor of 7932?
False
Is 4910 a multiple of 9?
False
Does 30 divide 1830?
True
Is 716 a multiple of 14?
False
Is 3916 a multiple of 34?
False
Does 111 divide 15429?
True
Does 6 divide 2610?
True
Is 4935 a multiple of 47?
True
Does 3 divide 1629?
True
Does 165 divide 83820?
True
Does 93 divide 403?
False
Does 4 divide 224?
True
Does 115 divide 8165?
True
Is 25 a factor of 250?
True
Is 6688 a multiple of 152?
True
Does 87 divide 43096?
False
Is 4 a factor of 1520?
True
Does 68 divide 151134?
False
Is 2670 a multiple of 89?
True
Is 700 a multiple of 70?
True
Is 3073 a multiple of 3?
False
Is 38 a factor of 17670?
True
Is 117 a factor of 16001?
False
Is 13 a factor of 1999?
False
Does 61 divide 1957?
False
Is 15 a factor of 1770?
True
Is 36912 a multiple of 24?
True
Does 88 divide 440?
True
Is 9768 a multiple of 22?
True
Is 8772 a multiple of 6?
True
Is 72 a factor of 7128?
True
Is 884 a multiple of 3?
False
Does 31 divide 8432?
True
Does 39 divide 8073?
True
Is 456 a multiple of 3?
True
Is 32 a factor of 48464?
False
Does 14 divide 1309?
False
Is 40 a multiple of 20?
True
Is 623 a multiple of 104?
False
Is 19 a factor of 2595?
False
Is 20 a factor of 600?
True
Does 29 divide 8874?
True
Does 2 divide 2517?
False
Is 2301 even?
False
Does 16 divide 9856?
True
Is 12890 a multiple of 54?
False
Is 12887 a multiple of 49?
True
Does 4 divide 83?
False
Does 7 divide 2287?
False
Is 280 even?
True
Is 163 a factor of 48574?
True
Is 1062 a multiple of 9?
True
Is 22 a factor of 22?
True
Is 15 a factor of 52237?
False
Is 5412 a multiple of 123?
True
Does 98 divide 20090?
True
Does 17 divide 1003?
True
Does 289 divide 29829?
False
Is 30 a factor of 2404?
False
Does 50 divide 6300?
True
Does 11 divide 451?
True
Is 1805 a multiple of 5?
True
Is 39 a factor of 7878?
True
Does 14 divide 4816?
True
Is 13764 a multiple of 23?
False
Is 552 a multiple of 6?
True
Is 14 a factor of 572?
False
Does 5 divide 616?
False
Is 80 a factor of 1718?
False
Is 5 a factor of 940?
True
Is 14 a multiple of 2?
True
Does 69 divide 414?
True
Is 33 a factor of 2046?
True
Does 85 divide 1865?
False
Is 13208 a multiple of 56?
False
Is 767 a multiple of 5?
False
Is 73 a factor of 46282?
True
Does 69 divide 14584?
False
Is 2 a factor of 179?
False
Is 2 a factor of 1109?
False
Is 17933 a multiple of 66?
False
Is 252 a factor of 23436?
True
Does 14 divide 7532?
True
Is 10678 a multiple of 5?
False
Is 132 a factor of 2624?
False
Is 45 a factor of 1786?
False
Is 104 a factor of 7519?
False
Is 920 a multiple of 10?
True
Is 1358 a multiple of 194?
True
Is 4652 a multiple of 6?
False
Is 18832 a multiple of 66?
False
Is 2484 a multiple of 9?
True
Is 1605 a multiple of 110?
False
Is 7 a factor of 159?
False
Is 158 a multiple of 79?
True
Is 59 even?
False
Is 7 a factor of 650?
False
Is 42424 a multiple of 8?
True
Does 22 divide 2464?
True
Is 11 a factor of 4554?
True
Does 45 divide 810?
True
Is 7 a factor of 1111?
False
Does 53 divide 25069?
True
Is 21505 a multiple of 13?
False
Is 38 a factor of 7058?
False
Is 1878 a multiple of 6?
True
Is 52318 a multiple of 101?
True
Is 408 a multiple of 34?
True
Is 1584 a multiple of 16?
True
Is 19 a factor of 92378?
True
Is 19218 a multiple of 79?
False
Is 18 a factor of 11931?
False
Is 29 a factor of 2047?
False
Is 3718 a multiple of 22?
True
Is 1746 a multiple of 97?
True
Does 6 divide 161?
False
Is 7 a factor of 994?
True
Is 7 a factor of 1498?
True
Is 28 a factor of 664?
False
Is 19 a factor of 4864?
True
Is 69 a factor of 1518?
True
Does 11 divide 2241?
False
Is 31 a factor of 194?
False
Is 592 a multiple of 16?
True
Is 46 a factor of 552?
True
Is 5 a multiple of 5?
True
Is 1612 a multiple of 5?
False
Is 632 a multiple of 21?
False
Is 6 a factor of 39978?
True
Is 80 a factor of 5120?
True
Is 18171 a multiple of 21?
False
Is 3 a factor of 651?
True
Does 2 divide 105?
False
Is 119 a factor of 69897?
False
Does 22 divide 8115?
False
Is 7380 a multiple of 15?
True
Is 1053 a multiple of 14?
False
Is 3000 a multiple of 75?
True
Is 26764 a multiple of 14?
False
Is 58 a multiple of 4?
False
Does 37 divide 595?
False
Is 581 a multiple of 83?
True
Is 68 a factor of 204?
True
Is 25 a factor of 12438?
False
Does 4 divide 90?
False
Is 3960 a multiple of 3?
True
Is 17301 a multiple of 42?
False
Does 129 divide 1419?
True
Does 18 divide 648?
True
Is 56 a factor of 1821?
False
Does 17 divide 695?
False
Is 5576 a multiple of 17?
True
Is 23156 a multiple of 28?
True
Is 79 a factor of 20461?
True
Is 4774 a multiple of 14?
True
Is 3807 a multiple of 141?
True
Is 164 a multiple of 9?
False
Does 11 divide 275?
True
Does 153 divide 12240?
True
Is 18 a factor of 252?
True
Is 44 a factor of 17357?
False
Is 137 a factor of 20387?
False
Does 6 divide 1289?
False
Does 36 divide 61236?
True
Does 33 divide 3196?
False
Is 7 a factor of 2807?
True
Does 71 divide 6674?
True
Does 11 divide 5011?
False
Is 15466 a multiple of 19?
True
Does 15 divide 835?
False
Does 29 divide 1456?
False
Does 15 divide 112538?
False
Is 52211 a multiple of 90?
False
Is 19 a factor of 91916?
False
Is 28 a factor of 3248?
True
Is 2520 a multiple of 36?
True
Is 14643 a multiple of 9?
True
Does 2 divide 29?
False
Is 812 a multiple of 7?
True
Does 12 divide 3549?
False
Is 147 a factor of 3969?
True
Is 304 a factor of 63572?
False
Is 20 a factor of 1260?
True
Does 64 divide 7226?
False
Does 128 divide 512?
True
Does 22 divide 28314?
True
Is 11 a factor of 275?
True
Is 455 a multiple of 7?
True
Is 17108 a multiple of 18?
False
Is 87696 a multiple of 84?
True
Is 37 a factor of 2680?
False
Is 3516 a multiple of 7?
False
Is 110 a factor of 4400?
True
Is 129 a factor of 8643?
True
Is 544 a multiple of 34?
True
Is 2110 a multiple of 10?
True
Does 8 divide 53872?
True
Does 33 divide 9732?
False
Does 59 divide 26736?
False
Is 728 a multiple of 52?
True
Does 16 divide 1262?
False
Does 3 divide 7353?
True
Is 17185 a multiple of 26?
False
Does 257 divide 31311?
False
Is 59 a factor of 295?
True
Is 18333 a multiple of 7?
True
Is 7 a factor of 259?
True
Does 6 divide 546?
True
Is 94 a factor of 5734?
True
Is 69 a factor of 2853?
False
Is 7167 a multiple of 36?
False
Is 3186 a multiple of 23?
False
Is 16 a factor of 178416?
True
Is 6 a factor of 438?
True
Is 3 a factor of 9541?
False
Is 9 a factor of 1152?
True
Is 6 a factor of 745?
False
Is 619 a multiple of 7?
False
Does 218 divide 16350?
True
Is 2128 a multiple of 76?
True
Does 17 divide 3927?
True
Is 16 a factor of 143?
False
Does 12 divide 2136?
True
Is 820 a multiple of 2?
True
Is 57 a factor of 641?
False
Is 3 a factor of 340?
False
Is 31 a multiple of 3?
False
Is 5560 a multiple of 8?
True
Does 23 divide 44643?
True
Does 42 divide 993?
False